{"id":30,"date":"2026-03-05T10:21:09","date_gmt":"2026-03-05T09:21:09","guid":{"rendered":"https:\/\/www.pep06.fr\/ajpa\/?page_id=30"},"modified":"2026-03-05T10:21:09","modified_gmt":"2026-03-05T09:21:09","slug":"fiche-identite-de-letablissement","status":"publish","type":"page","link":"https:\/\/www.pep06.fr\/ajpa\/fiche-identite-de-letablissement\/","title":{"rendered":"Fiche identit\u00e9 de l&rsquo;\u00e9tablissement"},"content":{"rendered":"\n<p>L\u2019accueil de jour pour personnes \u00e2g\u00e9es d\u00e9pendantes est un service m\u00e9dico-social g\u00e9r\u00e9 par l\u2019Association D\u00e9partementale des Pupilles de l\u2019Enseignement Public des Alpes-Maritimes. Il est reconnu en sa qualit\u00e9 de dispositif int\u00e9gr\u00e9 de par les diverses prestations d\u2019accompagnement qu\u2019il propose, en service sp\u00e9cialis\u00e9.<\/p>\n\n\n\n<p>L\u2019AJPA Gatti\u00e8res accueille des adultes \u00e2g\u00e9es \u00e0 partir de 60 ans.&nbsp;<\/p>\n\n\n\n<p>Situ\u00e9 \u00e0 Gatti\u00e8res, le service dispose de 12 places ouvertes du lundi au vendredi, de 9h \u00e0 16h, pendant 240 jours par an (2 semaines de fermeture annuelles en \u00e9t\u00e9 et pendant les cong\u00e9s de No\u00ebl).<\/p>\n\n\n\n<p>Le service propose un accueil avec un suivi global (socio-\u00e9ducatif et param\u00e9dical) des usagers pr\u00e9sentant des troubles neurod\u00e9g\u00e9n\u00e9ratifs et ce d\u00e8s les premiers signes de d\u00e9pendance. L\u2019AJPA n\u2019est pas m\u00e9dicalis\u00e9&nbsp;; toutefois, la proximit\u00e9 imm\u00e9diate de la Maison de Sant\u00e9 Pluriprofessionnelle de Gatti\u00e8res et la pr\u00e9sence de deux m\u00e9decins g\u00e9n\u00e9ralistes, assure une pr\u00e9sence m\u00e9dicale en cas d\u2019urgence.<\/p>\n\n\n\n<p>Le niveau de d\u00e9pendance des personnes accueillies est cat\u00e9goris\u00e9 en fonction de la grille GIR (Groupe Iso Ressource)&nbsp;: les accueils sont possibles \u00e0 partir du GIR 2 et jusqu\u2019au GIR 5.<\/p>\n\n\n\n<p><strong><u>Missions :<\/u><\/strong><\/p>\n\n\n\n<p>Des activit\u00e9s vari\u00e9es sont dispens\u00e9es chaque jour et selon un planning pr\u00e9visionnel&nbsp;:<\/p>\n\n\n\n<ul class=\"wp-block-list\">\n<li>Des ateliers de stimulation cognitives visant le maintien des acquis\u00a0;<\/li>\n\n\n\n<li>Des activit\u00e9s physiques et sportives adapt\u00e9es\u00a0;<\/li>\n\n\n\n<li>Des projets de productions artistiques, manuelles, d\u00e9coratives\u00a0;<\/li>\n\n\n\n<li>Des ateliers de jardinages\u00a0;<\/li>\n\n\n\n<li>Des initiations diverses\u00a0;<\/li>\n\n\n\n<li>Des temps de maintien des liens sociaux et des relations interg\u00e9n\u00e9rationnelles\u2026<\/li>\n<\/ul>\n\n\n\n<p><strong><u>Equipe :<\/u><\/strong><\/p>\n\n\n\n<p>5 professionnels accompagnement les personnes admises :<\/p>\n\n\n\n<p>&#8211; une aide m\u00e9dico-psychologique sp\u00e9cialis\u00e9e en g\u00e9riatrie<\/p>\n\n\n\n<p>&#8211; une aide-soignante<\/p>\n\n\n\n<p>&#8211; une infirmi\u00e8re<\/p>\n\n\n\n<p>&#8211; une psychologue<\/p>\n\n\n\n<p>&#8211; un chauffeur &#8211; accompagnateur<\/p>\n\n\n\n<p>et toute une \u00e9quipe technique et d\u2019encadrement au service des personnes&nbsp;: secr\u00e9taires, comptables, cadres de direction, cadres des fonctions support (si\u00e8ge)<\/p>\n\n\n\n<p><strong><u>Inscription ou admission :<\/u><\/strong><\/p>\n\n\n\n<p>Les familles sont invit\u00e9es \u00e0 contacter directement le service, par mail (accueildejour.pep06.fr) ou par t\u00e9l\u00e9phone (0806.00.15.23).<\/p>\n\n\n\n<p><strong><u>Partenaires :<\/u><\/strong><\/p>\n\n\n\n<p>L\u2019AJPA GATTIERES travaille avec de nombreux partenaires et prestataires&nbsp;:<\/p>\n\n\n\n<ul class=\"wp-block-list\">\n<li>M\u00e9diath\u00e8que de Gatti\u00e8res<\/li>\n\n\n\n<li>Professeurs d\u2019Activit\u00e9s Sportives Adapt\u00e9es<\/li>\n\n\n\n<li>Artistes en r\u00e9sidence<\/li>\n\n\n\n<li>Assistantes maternelles agr\u00e9es pour ateliers interg\u00e9n\u00e9rationnels<\/li>\n\n\n\n<li>Le Syndicat Intercommunal \u00e0 Vocation Multiple (SIVOM)<\/li>\n\n\n\n<li>Les CCAS des communes<\/li>\n<\/ul>\n\n\n\n<p><strong><u>Financeurs :<\/u><\/strong><\/p>\n\n\n\n<p>L\u2019\u00e9tablissement est financ\u00e9 par l\u2019ARS et par le CD06.<\/p>\n","protected":false},"excerpt":{"rendered":"<p>L\u2019accueil de jour pour personnes \u00e2g\u00e9es d\u00e9pendantes est un service m\u00e9dico-social g\u00e9r\u00e9 par l\u2019Association D\u00e9partementale des Pupilles de l\u2019Enseignement Public &hellip; <\/p>\n","protected":false},"author":2,"featured_media":0,"parent":0,"menu_order":0,"comment_status":"closed","ping_status":"closed","template":"","meta":{"_uf_show_specific_survey":0,"_uf_disable_surveys":false,"footnotes":""},"class_list":["post-30","page","type-page","status-publish","hentry"],"yoast_head":"<!-- This site is optimized with the Yoast SEO plugin v27.4 - https:\/\/yoast.com\/product\/yoast-seo-wordpress\/ -->\n<title>PEP 06 \u2013 Pupilles de l\u2019Enseignement Public des Alpes Maritimes<\/title>\n<meta name=\"description\" content=\"Pour une soci\u00e9t\u00e9 plus inclusive, l\u2019association PEP 06 g\u00e8re 3 instituts m\u00e9dico-sociaux, 1 centre de sant\u00e9, 2 services, 1 maison de sant\u00e9, 1 centre de montagne.\" \/>\n<meta name=\"robots\" content=\"index, follow, max-snippet:-1, max-image-preview:large, max-video-preview:-1\" \/>\n<link rel=\"canonical\" href=\"https:\/\/www.pep06.fr\/ajpa\/fiche-identite-de-letablissement\/\" \/>\n<meta property=\"og:locale\" content=\"fr_FR\" \/>\n<meta property=\"og:type\" content=\"article\" \/>\n<meta property=\"og:title\" content=\"PEP 06 \u2013 Pupilles de l\u2019Enseignement Public des Alpes Maritimes\" \/>\n<meta property=\"og:description\" content=\"Pour une soci\u00e9t\u00e9 plus inclusive, l\u2019association PEP 06 g\u00e8re 3 instituts m\u00e9dico-sociaux, 1 centre de sant\u00e9, 2 services, 1 maison de sant\u00e9, 1 centre de montagne.\" \/>\n<meta property=\"og:url\" content=\"https:\/\/www.pep06.fr\/ajpa\/fiche-identite-de-letablissement\/\" \/>\n<meta property=\"og:site_name\" content=\"Accueil de Jour Personnes Ag\u00e9es\" \/>\n<meta property=\"article:publisher\" content=\"https:\/\/www.facebook.com\/ADPEP06\" \/>\n<meta name=\"twitter:card\" content=\"summary_large_image\" \/>\n<meta name=\"twitter:label1\" content=\"Dur\u00e9e de lecture estim\u00e9e\" \/>\n\t<meta name=\"twitter:data1\" content=\"2 minutes\" \/>\n<script type=\"application\/ld+json\" class=\"yoast-schema-graph\">{\"@context\":\"https:\\\/\\\/schema.org\",\"@graph\":[{\"@type\":\"WebPage\",\"@id\":\"https:\\\/\\\/www.pep06.fr\\\/ajpa\\\/fiche-identite-de-letablissement\\\/\",\"url\":\"https:\\\/\\\/www.pep06.fr\\\/ajpa\\\/fiche-identite-de-letablissement\\\/\",\"name\":\"PEP 06 \u2013 Pupilles de l\u2019Enseignement Public des Alpes Maritimes\",\"isPartOf\":{\"@id\":\"https:\\\/\\\/www.pep06.fr\\\/ajpa\\\/#website\"},\"datePublished\":\"2026-03-05T09:21:09+00:00\",\"description\":\"Pour une soci\u00e9t\u00e9 plus inclusive, l\u2019association PEP 06 g\u00e8re 3 instituts m\u00e9dico-sociaux, 1 centre de sant\u00e9, 2 services, 1 maison de sant\u00e9, 1 centre de montagne.\",\"breadcrumb\":{\"@id\":\"https:\\\/\\\/www.pep06.fr\\\/ajpa\\\/fiche-identite-de-letablissement\\\/#breadcrumb\"},\"inLanguage\":\"fr-FR\",\"potentialAction\":[{\"@type\":\"ReadAction\",\"target\":[\"https:\\\/\\\/www.pep06.fr\\\/ajpa\\\/fiche-identite-de-letablissement\\\/\"]}]},{\"@type\":\"BreadcrumbList\",\"@id\":\"https:\\\/\\\/www.pep06.fr\\\/ajpa\\\/fiche-identite-de-letablissement\\\/#breadcrumb\",\"itemListElement\":[{\"@type\":\"ListItem\",\"position\":1,\"name\":\"Accueil\",\"item\":\"https:\\\/\\\/www.pep06.fr\\\/ajpa\\\/\"},{\"@type\":\"ListItem\",\"position\":2,\"name\":\"Fiche identit\u00e9 de l&rsquo;\u00e9tablissement\"}]},{\"@type\":\"WebSite\",\"@id\":\"https:\\\/\\\/www.pep06.fr\\\/ajpa\\\/#website\",\"url\":\"https:\\\/\\\/www.pep06.fr\\\/ajpa\\\/\",\"name\":\"Accueil de Jour Personnes Ag\u00e9es\",\"description\":\"\",\"publisher\":{\"@id\":\"https:\\\/\\\/www.pep06.fr\\\/ajpa\\\/#organization\"},\"potentialAction\":[{\"@type\":\"SearchAction\",\"target\":{\"@type\":\"EntryPoint\",\"urlTemplate\":\"https:\\\/\\\/www.pep06.fr\\\/ajpa\\\/?s={search_term_string}\"},\"query-input\":{\"@type\":\"PropertyValueSpecification\",\"valueRequired\":true,\"valueName\":\"search_term_string\"}}],\"inLanguage\":\"fr-FR\"},{\"@type\":\"Organization\",\"@id\":\"https:\\\/\\\/www.pep06.fr\\\/ajpa\\\/#organization\",\"name\":\"PEP 06\",\"url\":\"https:\\\/\\\/www.pep06.fr\\\/ajpa\\\/\",\"logo\":{\"@type\":\"ImageObject\",\"inLanguage\":\"fr-FR\",\"@id\":\"https:\\\/\\\/www.pep06.fr\\\/ajpa\\\/#\\\/schema\\\/logo\\\/image\\\/\",\"url\":\"https:\\\/\\\/www.pep06.fr\\\/wp-content\\\/uploads\\\/2015\\\/11\\\/Logo-PEP06.png\",\"contentUrl\":\"https:\\\/\\\/www.pep06.fr\\\/wp-content\\\/uploads\\\/2015\\\/11\\\/Logo-PEP06.png\",\"width\":915,\"height\":915,\"caption\":\"PEP 06\"},\"image\":{\"@id\":\"https:\\\/\\\/www.pep06.fr\\\/ajpa\\\/#\\\/schema\\\/logo\\\/image\\\/\"},\"sameAs\":[\"https:\\\/\\\/www.facebook.com\\\/ADPEP06\"]}]}<\/script>\n<!-- \/ Yoast SEO plugin. -->","yoast_head_json":{"title":"PEP 06 \u2013 Pupilles de l\u2019Enseignement Public des Alpes Maritimes","description":"Pour une soci\u00e9t\u00e9 plus inclusive, l\u2019association PEP 06 g\u00e8re 3 instituts m\u00e9dico-sociaux, 1 centre de sant\u00e9, 2 services, 1 maison de sant\u00e9, 1 centre de montagne.","robots":{"index":"index","follow":"follow","max-snippet":"max-snippet:-1","max-image-preview":"max-image-preview:large","max-video-preview":"max-video-preview:-1"},"canonical":"https:\/\/www.pep06.fr\/ajpa\/fiche-identite-de-letablissement\/","og_locale":"fr_FR","og_type":"article","og_title":"PEP 06 \u2013 Pupilles de l\u2019Enseignement Public des Alpes Maritimes","og_description":"Pour une soci\u00e9t\u00e9 plus inclusive, l\u2019association PEP 06 g\u00e8re 3 instituts m\u00e9dico-sociaux, 1 centre de sant\u00e9, 2 services, 1 maison de sant\u00e9, 1 centre de montagne.","og_url":"https:\/\/www.pep06.fr\/ajpa\/fiche-identite-de-letablissement\/","og_site_name":"Accueil de Jour Personnes Ag\u00e9es","article_publisher":"https:\/\/www.facebook.com\/ADPEP06","twitter_card":"summary_large_image","twitter_misc":{"Dur\u00e9e de lecture estim\u00e9e":"2 minutes"},"schema":{"@context":"https:\/\/schema.org","@graph":[{"@type":"WebPage","@id":"https:\/\/www.pep06.fr\/ajpa\/fiche-identite-de-letablissement\/","url":"https:\/\/www.pep06.fr\/ajpa\/fiche-identite-de-letablissement\/","name":"PEP 06 \u2013 Pupilles de l\u2019Enseignement Public des Alpes Maritimes","isPartOf":{"@id":"https:\/\/www.pep06.fr\/ajpa\/#website"},"datePublished":"2026-03-05T09:21:09+00:00","description":"Pour une soci\u00e9t\u00e9 plus inclusive, l\u2019association PEP 06 g\u00e8re 3 instituts m\u00e9dico-sociaux, 1 centre de sant\u00e9, 2 services, 1 maison de sant\u00e9, 1 centre de montagne.","breadcrumb":{"@id":"https:\/\/www.pep06.fr\/ajpa\/fiche-identite-de-letablissement\/#breadcrumb"},"inLanguage":"fr-FR","potentialAction":[{"@type":"ReadAction","target":["https:\/\/www.pep06.fr\/ajpa\/fiche-identite-de-letablissement\/"]}]},{"@type":"BreadcrumbList","@id":"https:\/\/www.pep06.fr\/ajpa\/fiche-identite-de-letablissement\/#breadcrumb","itemListElement":[{"@type":"ListItem","position":1,"name":"Accueil","item":"https:\/\/www.pep06.fr\/ajpa\/"},{"@type":"ListItem","position":2,"name":"Fiche identit\u00e9 de l&rsquo;\u00e9tablissement"}]},{"@type":"WebSite","@id":"https:\/\/www.pep06.fr\/ajpa\/#website","url":"https:\/\/www.pep06.fr\/ajpa\/","name":"Accueil de Jour Personnes Ag\u00e9es","description":"","publisher":{"@id":"https:\/\/www.pep06.fr\/ajpa\/#organization"},"potentialAction":[{"@type":"SearchAction","target":{"@type":"EntryPoint","urlTemplate":"https:\/\/www.pep06.fr\/ajpa\/?s={search_term_string}"},"query-input":{"@type":"PropertyValueSpecification","valueRequired":true,"valueName":"search_term_string"}}],"inLanguage":"fr-FR"},{"@type":"Organization","@id":"https:\/\/www.pep06.fr\/ajpa\/#organization","name":"PEP 06","url":"https:\/\/www.pep06.fr\/ajpa\/","logo":{"@type":"ImageObject","inLanguage":"fr-FR","@id":"https:\/\/www.pep06.fr\/ajpa\/#\/schema\/logo\/image\/","url":"https:\/\/www.pep06.fr\/wp-content\/uploads\/2015\/11\/Logo-PEP06.png","contentUrl":"https:\/\/www.pep06.fr\/wp-content\/uploads\/2015\/11\/Logo-PEP06.png","width":915,"height":915,"caption":"PEP 06"},"image":{"@id":"https:\/\/www.pep06.fr\/ajpa\/#\/schema\/logo\/image\/"},"sameAs":["https:\/\/www.facebook.com\/ADPEP06"]}]}},"_links":{"self":[{"href":"https:\/\/www.pep06.fr\/ajpa\/wp-json\/wp\/v2\/pages\/30","targetHints":{"allow":["GET"]}}],"collection":[{"href":"https:\/\/www.pep06.fr\/ajpa\/wp-json\/wp\/v2\/pages"}],"about":[{"href":"https:\/\/www.pep06.fr\/ajpa\/wp-json\/wp\/v2\/types\/page"}],"author":[{"embeddable":true,"href":"https:\/\/www.pep06.fr\/ajpa\/wp-json\/wp\/v2\/users\/2"}],"replies":[{"embeddable":true,"href":"https:\/\/www.pep06.fr\/ajpa\/wp-json\/wp\/v2\/comments?post=30"}],"version-history":[{"count":1,"href":"https:\/\/www.pep06.fr\/ajpa\/wp-json\/wp\/v2\/pages\/30\/revisions"}],"predecessor-version":[{"id":31,"href":"https:\/\/www.pep06.fr\/ajpa\/wp-json\/wp\/v2\/pages\/30\/revisions\/31"}],"wp:attachment":[{"href":"https:\/\/www.pep06.fr\/ajpa\/wp-json\/wp\/v2\/media?parent=30"}],"curies":[{"name":"wp","href":"https:\/\/api.w.org\/{rel}","templated":true}]}}