{"id":42,"date":"2026-02-23T14:45:52","date_gmt":"2026-02-23T13:45:52","guid":{"rendered":"https:\/\/www.pep06.fr\/lamaioun\/?page_id=42"},"modified":"2026-02-23T14:45:54","modified_gmt":"2026-02-23T13:45:54","slug":"le-perimetre-dintervention","status":"publish","type":"page","link":"https:\/\/www.pep06.fr\/lamaioun\/le-perimetre-dintervention\/","title":{"rendered":"Le perimetre d&rsquo;intervention"},"content":{"rendered":"\n<p>Equipe :<br>72 professionnels accompagnement les adultes de la MAS parmi:<br>\u2013 des \u00e9ducateurs : \u00e9ducateur sp\u00e9cialis\u00e9, moniteur \u00e9ducateur, aide-m\u00e9dico-psychologique, aide-soignant, accompagnant \u00e9ducatif et social, professeur de sport adapt\u00e9<br>\u2013 une assistante de service social<br>\u2013 une neuro- psychologue<br>\u2013 des infirmiers<br>\u2013 un m\u00e9decin psychiatre, un m\u00e9decin g\u00e9n\u00e9ralise<\/p>\n\n\n\n<p>et toute une \u00e9quipe technique et d\u2019encadrement au service des enfants : secr\u00e9taires, comptables, agent technique, ma\u00eetresses de maison, cadres de direction, cadres des fonctions support (si\u00e8ge)<\/p>\n\n\n\n<p>Zone d\u2019intervention :<br>Tout le d\u00e9partement des Alpes-Maritimes<\/p>\n","protected":false},"excerpt":{"rendered":"<p>Equipe :72 professionnels accompagnement les adultes de la MAS parmi:\u2013 des \u00e9ducateurs : \u00e9ducateur sp\u00e9cialis\u00e9, moniteur \u00e9ducateur, aide-m\u00e9dico-psychologique, aide-soignant, accompagnant &hellip; <\/p>\n","protected":false},"author":2,"featured_media":0,"parent":0,"menu_order":0,"comment_status":"closed","ping_status":"closed","template":"","meta":{"_uf_show_specific_survey":0,"_uf_disable_surveys":false,"footnotes":""},"class_list":["post-42","page","type-page","status-publish","hentry"],"yoast_head":"<!-- This site is optimized with the Yoast SEO plugin v27.3 - https:\/\/yoast.com\/product\/yoast-seo-wordpress\/ -->\n<title>PEP 06 \u2013 Pupilles de l\u2019Enseignement Public des Alpes Maritimes<\/title>\n<meta name=\"description\" content=\"Pour une soci\u00e9t\u00e9 plus inclusive, l\u2019association PEP 06 g\u00e8re 3 instituts m\u00e9dico-sociaux, 1 centre de sant\u00e9, 2 services, 1 maison de sant\u00e9, 1 centre de montagne.\" \/>\n<meta name=\"robots\" content=\"index, follow, max-snippet:-1, max-image-preview:large, max-video-preview:-1\" \/>\n<link rel=\"canonical\" href=\"https:\/\/www.pep06.fr\/lamaioun\/le-perimetre-dintervention\/\" \/>\n<meta property=\"og:locale\" content=\"fr_FR\" \/>\n<meta property=\"og:type\" content=\"article\" \/>\n<meta property=\"og:title\" content=\"PEP 06 \u2013 Pupilles de l\u2019Enseignement Public des Alpes Maritimes\" \/>\n<meta property=\"og:description\" content=\"Pour une soci\u00e9t\u00e9 plus inclusive, l\u2019association PEP 06 g\u00e8re 3 instituts m\u00e9dico-sociaux, 1 centre de sant\u00e9, 2 services, 1 maison de sant\u00e9, 1 centre de montagne.\" \/>\n<meta property=\"og:url\" content=\"https:\/\/www.pep06.fr\/lamaioun\/le-perimetre-dintervention\/\" \/>\n<meta property=\"og:site_name\" content=\"La Maioun de Vence\" \/>\n<meta property=\"article:publisher\" content=\"https:\/\/www.facebook.com\/ADPEP06\" \/>\n<meta property=\"article:modified_time\" content=\"2026-02-23T13:45:54+00:00\" \/>\n<meta name=\"twitter:card\" content=\"summary_large_image\" \/>\n<meta name=\"twitter:label1\" content=\"Dur\u00e9e de lecture estim\u00e9e\" \/>\n\t<meta name=\"twitter:data1\" content=\"1 minute\" \/>\n<script type=\"application\/ld+json\" class=\"yoast-schema-graph\">{\"@context\":\"https:\\\/\\\/schema.org\",\"@graph\":[{\"@type\":\"WebPage\",\"@id\":\"https:\\\/\\\/www.pep06.fr\\\/lamaioun\\\/le-perimetre-dintervention\\\/\",\"url\":\"https:\\\/\\\/www.pep06.fr\\\/lamaioun\\\/le-perimetre-dintervention\\\/\",\"name\":\"PEP 06 \u2013 Pupilles de l\u2019Enseignement Public des Alpes Maritimes\",\"isPartOf\":{\"@id\":\"https:\\\/\\\/www.pep06.fr\\\/lamaioun\\\/#website\"},\"datePublished\":\"2026-02-23T13:45:52+00:00\",\"dateModified\":\"2026-02-23T13:45:54+00:00\",\"description\":\"Pour une soci\u00e9t\u00e9 plus inclusive, l\u2019association PEP 06 g\u00e8re 3 instituts m\u00e9dico-sociaux, 1 centre de sant\u00e9, 2 services, 1 maison de sant\u00e9, 1 centre de montagne.\",\"breadcrumb\":{\"@id\":\"https:\\\/\\\/www.pep06.fr\\\/lamaioun\\\/le-perimetre-dintervention\\\/#breadcrumb\"},\"inLanguage\":\"fr-FR\",\"potentialAction\":[{\"@type\":\"ReadAction\",\"target\":[\"https:\\\/\\\/www.pep06.fr\\\/lamaioun\\\/le-perimetre-dintervention\\\/\"]}]},{\"@type\":\"BreadcrumbList\",\"@id\":\"https:\\\/\\\/www.pep06.fr\\\/lamaioun\\\/le-perimetre-dintervention\\\/#breadcrumb\",\"itemListElement\":[{\"@type\":\"ListItem\",\"position\":1,\"name\":\"Accueil\",\"item\":\"https:\\\/\\\/www.pep06.fr\\\/lamaioun\\\/\"},{\"@type\":\"ListItem\",\"position\":2,\"name\":\"Le perimetre d&rsquo;intervention\"}]},{\"@type\":\"WebSite\",\"@id\":\"https:\\\/\\\/www.pep06.fr\\\/lamaioun\\\/#website\",\"url\":\"https:\\\/\\\/www.pep06.fr\\\/lamaioun\\\/\",\"name\":\"La Maioun de Vence\",\"description\":\"\",\"publisher\":{\"@id\":\"https:\\\/\\\/www.pep06.fr\\\/lamaioun\\\/#organization\"},\"potentialAction\":[{\"@type\":\"SearchAction\",\"target\":{\"@type\":\"EntryPoint\",\"urlTemplate\":\"https:\\\/\\\/www.pep06.fr\\\/lamaioun\\\/?s={search_term_string}\"},\"query-input\":{\"@type\":\"PropertyValueSpecification\",\"valueRequired\":true,\"valueName\":\"search_term_string\"}}],\"inLanguage\":\"fr-FR\"},{\"@type\":\"Organization\",\"@id\":\"https:\\\/\\\/www.pep06.fr\\\/lamaioun\\\/#organization\",\"name\":\"PEP 06\",\"url\":\"https:\\\/\\\/www.pep06.fr\\\/lamaioun\\\/\",\"logo\":{\"@type\":\"ImageObject\",\"inLanguage\":\"fr-FR\",\"@id\":\"https:\\\/\\\/www.pep06.fr\\\/lamaioun\\\/#\\\/schema\\\/logo\\\/image\\\/\",\"url\":\"https:\\\/\\\/www.pep06.fr\\\/wp-content\\\/uploads\\\/2015\\\/11\\\/Logo-PEP06.png\",\"contentUrl\":\"https:\\\/\\\/www.pep06.fr\\\/wp-content\\\/uploads\\\/2015\\\/11\\\/Logo-PEP06.png\",\"width\":915,\"height\":915,\"caption\":\"PEP 06\"},\"image\":{\"@id\":\"https:\\\/\\\/www.pep06.fr\\\/lamaioun\\\/#\\\/schema\\\/logo\\\/image\\\/\"},\"sameAs\":[\"https:\\\/\\\/www.facebook.com\\\/ADPEP06\"]}]}<\/script>\n<!-- \/ Yoast SEO plugin. -->","yoast_head_json":{"title":"PEP 06 \u2013 Pupilles de l\u2019Enseignement Public des Alpes Maritimes","description":"Pour une soci\u00e9t\u00e9 plus inclusive, l\u2019association PEP 06 g\u00e8re 3 instituts m\u00e9dico-sociaux, 1 centre de sant\u00e9, 2 services, 1 maison de sant\u00e9, 1 centre de montagne.","robots":{"index":"index","follow":"follow","max-snippet":"max-snippet:-1","max-image-preview":"max-image-preview:large","max-video-preview":"max-video-preview:-1"},"canonical":"https:\/\/www.pep06.fr\/lamaioun\/le-perimetre-dintervention\/","og_locale":"fr_FR","og_type":"article","og_title":"PEP 06 \u2013 Pupilles de l\u2019Enseignement Public des Alpes Maritimes","og_description":"Pour une soci\u00e9t\u00e9 plus inclusive, l\u2019association PEP 06 g\u00e8re 3 instituts m\u00e9dico-sociaux, 1 centre de sant\u00e9, 2 services, 1 maison de sant\u00e9, 1 centre de montagne.","og_url":"https:\/\/www.pep06.fr\/lamaioun\/le-perimetre-dintervention\/","og_site_name":"La Maioun de Vence","article_publisher":"https:\/\/www.facebook.com\/ADPEP06","article_modified_time":"2026-02-23T13:45:54+00:00","twitter_card":"summary_large_image","twitter_misc":{"Dur\u00e9e de lecture estim\u00e9e":"1 minute"},"schema":{"@context":"https:\/\/schema.org","@graph":[{"@type":"WebPage","@id":"https:\/\/www.pep06.fr\/lamaioun\/le-perimetre-dintervention\/","url":"https:\/\/www.pep06.fr\/lamaioun\/le-perimetre-dintervention\/","name":"PEP 06 \u2013 Pupilles de l\u2019Enseignement Public des Alpes Maritimes","isPartOf":{"@id":"https:\/\/www.pep06.fr\/lamaioun\/#website"},"datePublished":"2026-02-23T13:45:52+00:00","dateModified":"2026-02-23T13:45:54+00:00","description":"Pour une soci\u00e9t\u00e9 plus inclusive, l\u2019association PEP 06 g\u00e8re 3 instituts m\u00e9dico-sociaux, 1 centre de sant\u00e9, 2 services, 1 maison de sant\u00e9, 1 centre de montagne.","breadcrumb":{"@id":"https:\/\/www.pep06.fr\/lamaioun\/le-perimetre-dintervention\/#breadcrumb"},"inLanguage":"fr-FR","potentialAction":[{"@type":"ReadAction","target":["https:\/\/www.pep06.fr\/lamaioun\/le-perimetre-dintervention\/"]}]},{"@type":"BreadcrumbList","@id":"https:\/\/www.pep06.fr\/lamaioun\/le-perimetre-dintervention\/#breadcrumb","itemListElement":[{"@type":"ListItem","position":1,"name":"Accueil","item":"https:\/\/www.pep06.fr\/lamaioun\/"},{"@type":"ListItem","position":2,"name":"Le perimetre d&rsquo;intervention"}]},{"@type":"WebSite","@id":"https:\/\/www.pep06.fr\/lamaioun\/#website","url":"https:\/\/www.pep06.fr\/lamaioun\/","name":"La Maioun de Vence","description":"","publisher":{"@id":"https:\/\/www.pep06.fr\/lamaioun\/#organization"},"potentialAction":[{"@type":"SearchAction","target":{"@type":"EntryPoint","urlTemplate":"https:\/\/www.pep06.fr\/lamaioun\/?s={search_term_string}"},"query-input":{"@type":"PropertyValueSpecification","valueRequired":true,"valueName":"search_term_string"}}],"inLanguage":"fr-FR"},{"@type":"Organization","@id":"https:\/\/www.pep06.fr\/lamaioun\/#organization","name":"PEP 06","url":"https:\/\/www.pep06.fr\/lamaioun\/","logo":{"@type":"ImageObject","inLanguage":"fr-FR","@id":"https:\/\/www.pep06.fr\/lamaioun\/#\/schema\/logo\/image\/","url":"https:\/\/www.pep06.fr\/wp-content\/uploads\/2015\/11\/Logo-PEP06.png","contentUrl":"https:\/\/www.pep06.fr\/wp-content\/uploads\/2015\/11\/Logo-PEP06.png","width":915,"height":915,"caption":"PEP 06"},"image":{"@id":"https:\/\/www.pep06.fr\/lamaioun\/#\/schema\/logo\/image\/"},"sameAs":["https:\/\/www.facebook.com\/ADPEP06"]}]}},"jetpack_sharing_enabled":true,"_links":{"self":[{"href":"https:\/\/www.pep06.fr\/lamaioun\/wp-json\/wp\/v2\/pages\/42","targetHints":{"allow":["GET"]}}],"collection":[{"href":"https:\/\/www.pep06.fr\/lamaioun\/wp-json\/wp\/v2\/pages"}],"about":[{"href":"https:\/\/www.pep06.fr\/lamaioun\/wp-json\/wp\/v2\/types\/page"}],"author":[{"embeddable":true,"href":"https:\/\/www.pep06.fr\/lamaioun\/wp-json\/wp\/v2\/users\/2"}],"replies":[{"embeddable":true,"href":"https:\/\/www.pep06.fr\/lamaioun\/wp-json\/wp\/v2\/comments?post=42"}],"version-history":[{"count":1,"href":"https:\/\/www.pep06.fr\/lamaioun\/wp-json\/wp\/v2\/pages\/42\/revisions"}],"predecessor-version":[{"id":43,"href":"https:\/\/www.pep06.fr\/lamaioun\/wp-json\/wp\/v2\/pages\/42\/revisions\/43"}],"wp:attachment":[{"href":"https:\/\/www.pep06.fr\/lamaioun\/wp-json\/wp\/v2\/media?parent=42"}],"curies":[{"name":"wp","href":"https:\/\/api.w.org\/{rel}","templated":true}]}}