{"id":211,"date":"2015-11-27T16:07:51","date_gmt":"2015-11-27T15:07:51","guid":{"rendered":"http:\/\/www.pep06.fr\/rossetti\/?page_id=211"},"modified":"2015-12-02T15:28:03","modified_gmt":"2015-12-02T14:28:03","slug":"sessad","status":"publish","type":"page","link":"https:\/\/www.pep06.fr\/rossetti\/sessad\/","title":{"rendered":"Le SESSAD"},"content":{"rendered":"<p>Le Service d\u2019Education Sp\u00e9cialis\u00e9e et de Soins \u00c0 Domicile accueille des enfants, adolescents et jeunes adultes (de 3 \u00e0 20 ans) pr\u00e9sentant une d\u00e9ficience motrice avec ou sans troubles associ\u00e9s.\u00a0Il accompagne 70 jeunes scolaris\u00e9s dans les \u00e9coles, coll\u00e8ges et lyc\u00e9es des Alpes-Maritimes et du Var, et est r\u00e9parti sur 3 sites g\u00e9ographiques :<\/p>\n<ol>\n<li><strong>\u00c0 Nice<\/strong>, dans les locaux de l\u2019IEM Rossetti, au 400 boulevard de la Madeleine, pour la prise en charge de l\u2019Est du d\u00e9partement.<\/li>\n<li><strong>\u00c0\u00a0Antibes<\/strong>, au 2793 Chemin de St Claude, pour des interventions sur l\u2019ouest du d\u00e9partement.<\/li>\n<li><strong>\u00c0\u00a0Toulon<\/strong>, chemin de la roquette. Depuis le 1er juin 2012, ce site accueille certains \u00e9l\u00e8ves de l\u2019\u00e9cole Dominique Mille et de l\u2019ensemble de l\u2019aire toulonnaise.<\/li>\n<\/ol>\n<p>La\u00a0mission du <abbr title=\"Service d\u2019Education Sp\u00e9cialis\u00e9e et de Soins \u00c0 Domicile\">SESSAD<\/abbr> est de favoriser la scolarit\u00e9 des b\u00e9n\u00e9ficiaires :<\/p>\n<ul>\n<li>L\u2019\u00e9quipe param\u00e9dicale assure les r\u00e9\u00e9ducations sur le temps scolaire et p\u00e9riscolaire (\u00e0 l\u2019\u00e9cole, au service, sur le lieu de stage, \u00e0 domicile&#8230;)<\/li>\n<li>L\u2019\u00e9quipe \u00e9ducative d\u00e9veloppe son accompagnement par une coordination entre les diff\u00e9rents lieux de vie des jeunes accueillis, en partenariat avec les familles, les \u00e9coles, la <abbr title=\"Maison D\u00e9partementale des Personnes Handicap\u00e9es\">MDPH<\/abbr>, les structures hospitali\u00e8res&#8230;<\/li>\n<li>Le chauffeur accompagnateur assure une partie des trajets des b\u00e9n\u00e9ficiaires vers les locaux du service.<\/li>\n<li>Un psychologue ou un neuropsychologue mettent en place, lorsque cela s\u2019av\u00e8re n\u00e9cessaire, un accompagnement th\u00e9rapeutique.<\/li>\n<li>Un enseignant sp\u00e9cialis\u00e9, dans certains cas, dispense une aide suppl\u00e9mentaire aux acquisitions scolaires.<\/li>\n<\/ul>\n<p>L\u2019accompagnement personnalis\u00e9 est \u00e9labor\u00e9 avec le b\u00e9n\u00e9ficiaire et sa famille. Il a pour but\u00a0 l\u2019optimisation des conditions de scolarisation tout en assurant les soins dont il a besoin.<\/p>\n<p>&nbsp;<\/p>\n<p>&nbsp;<\/p>\n","protected":false},"excerpt":{"rendered":"<p>Le Service d\u2019Education Sp\u00e9cialis\u00e9e et de Soins \u00c0 Domicile accueille des enfants, adolescents et jeunes adultes (de 3 \u00e0 20 &hellip; <\/p>\n","protected":false},"author":1,"featured_media":0,"parent":0,"menu_order":0,"comment_status":"closed","ping_status":"closed","template":"page-no-breadcrumbs-full-width.php","meta":{"_uf_show_specific_survey":0,"_uf_disable_surveys":false,"jetpack_post_was_ever_published":false,"footnotes":""},"class_list":["post-211","page","type-page","status-publish","hentry"],"yoast_head":"<!-- This site is optimized with the Yoast SEO plugin v27.5 - https:\/\/yoast.com\/product\/yoast-seo-wordpress\/ -->\n<title>Le SESSAD - IEM Rossetti<\/title>\n<meta name=\"description\" content=\"IEM Rossetti \u2013 PEP06\" \/>\n<meta name=\"robots\" content=\"index, follow, max-snippet:-1, max-image-preview:large, max-video-preview:-1\" \/>\n<link rel=\"canonical\" href=\"https:\/\/www.pep06.fr\/rossetti\/sessad\/\" \/>\n<meta property=\"og:locale\" content=\"fr_FR\" \/>\n<meta property=\"og:type\" content=\"article\" \/>\n<meta property=\"og:title\" content=\"Le SESSAD - IEM Rossetti\" \/>\n<meta property=\"og:description\" content=\"IEM Rossetti \u2013 PEP06\" \/>\n<meta property=\"og:url\" content=\"https:\/\/www.pep06.fr\/rossetti\/sessad\/\" \/>\n<meta property=\"og:site_name\" content=\"IEM Rossetti\" \/>\n<meta property=\"article:publisher\" content=\"https:\/\/www.facebook.com\/ADPEP06\" \/>\n<meta property=\"article:modified_time\" content=\"2015-12-02T14:28:03+00:00\" \/>\n<meta name=\"twitter:card\" content=\"summary_large_image\" \/>\n<meta name=\"twitter:label1\" content=\"Dur\u00e9e de lecture estim\u00e9e\" \/>\n\t<meta name=\"twitter:data1\" content=\"1 minute\" \/>\n<script type=\"application\/ld+json\" class=\"yoast-schema-graph\">{\"@context\":\"https:\\\/\\\/schema.org\",\"@graph\":[{\"@type\":\"WebPage\",\"@id\":\"https:\\\/\\\/www.pep06.fr\\\/rossetti\\\/sessad\\\/\",\"url\":\"https:\\\/\\\/www.pep06.fr\\\/rossetti\\\/sessad\\\/\",\"name\":\"Le SESSAD - IEM Rossetti\",\"isPartOf\":{\"@id\":\"https:\\\/\\\/www.pep06.fr\\\/rossetti\\\/#website\"},\"datePublished\":\"2015-11-27T15:07:51+00:00\",\"dateModified\":\"2015-12-02T14:28:03+00:00\",\"description\":\"IEM Rossetti \u2013 PEP06\",\"breadcrumb\":{\"@id\":\"https:\\\/\\\/www.pep06.fr\\\/rossetti\\\/sessad\\\/#breadcrumb\"},\"inLanguage\":\"fr-FR\",\"potentialAction\":[{\"@type\":\"ReadAction\",\"target\":[\"https:\\\/\\\/www.pep06.fr\\\/rossetti\\\/sessad\\\/\"]}]},{\"@type\":\"BreadcrumbList\",\"@id\":\"https:\\\/\\\/www.pep06.fr\\\/rossetti\\\/sessad\\\/#breadcrumb\",\"itemListElement\":[{\"@type\":\"ListItem\",\"position\":1,\"name\":\"Accueil\",\"item\":\"https:\\\/\\\/www.pep06.fr\\\/rossetti\\\/\"},{\"@type\":\"ListItem\",\"position\":2,\"name\":\"Le SESSAD\"}]},{\"@type\":\"WebSite\",\"@id\":\"https:\\\/\\\/www.pep06.fr\\\/rossetti\\\/#website\",\"url\":\"https:\\\/\\\/www.pep06.fr\\\/rossetti\\\/\",\"name\":\"IEM Rossetti\",\"description\":\"Le site de l&#039;IEM Rossetti des PEP 06\",\"publisher\":{\"@id\":\"https:\\\/\\\/www.pep06.fr\\\/rossetti\\\/#organization\"},\"potentialAction\":[{\"@type\":\"SearchAction\",\"target\":{\"@type\":\"EntryPoint\",\"urlTemplate\":\"https:\\\/\\\/www.pep06.fr\\\/rossetti\\\/?s={search_term_string}\"},\"query-input\":{\"@type\":\"PropertyValueSpecification\",\"valueRequired\":true,\"valueName\":\"search_term_string\"}}],\"inLanguage\":\"fr-FR\"},{\"@type\":\"Organization\",\"@id\":\"https:\\\/\\\/www.pep06.fr\\\/rossetti\\\/#organization\",\"name\":\"PEP 06\",\"url\":\"https:\\\/\\\/www.pep06.fr\\\/rossetti\\\/\",\"logo\":{\"@type\":\"ImageObject\",\"inLanguage\":\"fr-FR\",\"@id\":\"https:\\\/\\\/www.pep06.fr\\\/rossetti\\\/#\\\/schema\\\/logo\\\/image\\\/\",\"url\":\"https:\\\/\\\/www.pep06.fr\\\/rossetti\\\/wp-content\\\/uploads\\\/sites\\\/2\\\/2015\\\/11\\\/Logo-PEP06.png\",\"contentUrl\":\"https:\\\/\\\/www.pep06.fr\\\/rossetti\\\/wp-content\\\/uploads\\\/sites\\\/2\\\/2015\\\/11\\\/Logo-PEP06.png\",\"width\":915,\"height\":915,\"caption\":\"PEP 06\"},\"image\":{\"@id\":\"https:\\\/\\\/www.pep06.fr\\\/rossetti\\\/#\\\/schema\\\/logo\\\/image\\\/\"},\"sameAs\":[\"https:\\\/\\\/www.facebook.com\\\/ADPEP06\"]}]}<\/script>\n<!-- \/ Yoast SEO plugin. -->","yoast_head_json":{"title":"Le SESSAD - IEM Rossetti","description":"IEM Rossetti \u2013 PEP06","robots":{"index":"index","follow":"follow","max-snippet":"max-snippet:-1","max-image-preview":"max-image-preview:large","max-video-preview":"max-video-preview:-1"},"canonical":"https:\/\/www.pep06.fr\/rossetti\/sessad\/","og_locale":"fr_FR","og_type":"article","og_title":"Le SESSAD - IEM Rossetti","og_description":"IEM Rossetti \u2013 PEP06","og_url":"https:\/\/www.pep06.fr\/rossetti\/sessad\/","og_site_name":"IEM Rossetti","article_publisher":"https:\/\/www.facebook.com\/ADPEP06","article_modified_time":"2015-12-02T14:28:03+00:00","twitter_card":"summary_large_image","twitter_misc":{"Dur\u00e9e de lecture estim\u00e9e":"1 minute"},"schema":{"@context":"https:\/\/schema.org","@graph":[{"@type":"WebPage","@id":"https:\/\/www.pep06.fr\/rossetti\/sessad\/","url":"https:\/\/www.pep06.fr\/rossetti\/sessad\/","name":"Le SESSAD - IEM Rossetti","isPartOf":{"@id":"https:\/\/www.pep06.fr\/rossetti\/#website"},"datePublished":"2015-11-27T15:07:51+00:00","dateModified":"2015-12-02T14:28:03+00:00","description":"IEM Rossetti \u2013 PEP06","breadcrumb":{"@id":"https:\/\/www.pep06.fr\/rossetti\/sessad\/#breadcrumb"},"inLanguage":"fr-FR","potentialAction":[{"@type":"ReadAction","target":["https:\/\/www.pep06.fr\/rossetti\/sessad\/"]}]},{"@type":"BreadcrumbList","@id":"https:\/\/www.pep06.fr\/rossetti\/sessad\/#breadcrumb","itemListElement":[{"@type":"ListItem","position":1,"name":"Accueil","item":"https:\/\/www.pep06.fr\/rossetti\/"},{"@type":"ListItem","position":2,"name":"Le SESSAD"}]},{"@type":"WebSite","@id":"https:\/\/www.pep06.fr\/rossetti\/#website","url":"https:\/\/www.pep06.fr\/rossetti\/","name":"IEM Rossetti","description":"Le site de l&#039;IEM Rossetti des PEP 06","publisher":{"@id":"https:\/\/www.pep06.fr\/rossetti\/#organization"},"potentialAction":[{"@type":"SearchAction","target":{"@type":"EntryPoint","urlTemplate":"https:\/\/www.pep06.fr\/rossetti\/?s={search_term_string}"},"query-input":{"@type":"PropertyValueSpecification","valueRequired":true,"valueName":"search_term_string"}}],"inLanguage":"fr-FR"},{"@type":"Organization","@id":"https:\/\/www.pep06.fr\/rossetti\/#organization","name":"PEP 06","url":"https:\/\/www.pep06.fr\/rossetti\/","logo":{"@type":"ImageObject","inLanguage":"fr-FR","@id":"https:\/\/www.pep06.fr\/rossetti\/#\/schema\/logo\/image\/","url":"https:\/\/www.pep06.fr\/rossetti\/wp-content\/uploads\/sites\/2\/2015\/11\/Logo-PEP06.png","contentUrl":"https:\/\/www.pep06.fr\/rossetti\/wp-content\/uploads\/sites\/2\/2015\/11\/Logo-PEP06.png","width":915,"height":915,"caption":"PEP 06"},"image":{"@id":"https:\/\/www.pep06.fr\/rossetti\/#\/schema\/logo\/image\/"},"sameAs":["https:\/\/www.facebook.com\/ADPEP06"]}]}},"jetpack_sharing_enabled":true,"jetpack_shortlink":"https:\/\/wp.me\/P6ZrMM-3p","_links":{"self":[{"href":"https:\/\/www.pep06.fr\/rossetti\/wp-json\/wp\/v2\/pages\/211","targetHints":{"allow":["GET"]}}],"collection":[{"href":"https:\/\/www.pep06.fr\/rossetti\/wp-json\/wp\/v2\/pages"}],"about":[{"href":"https:\/\/www.pep06.fr\/rossetti\/wp-json\/wp\/v2\/types\/page"}],"author":[{"embeddable":true,"href":"https:\/\/www.pep06.fr\/rossetti\/wp-json\/wp\/v2\/users\/1"}],"replies":[{"embeddable":true,"href":"https:\/\/www.pep06.fr\/rossetti\/wp-json\/wp\/v2\/comments?post=211"}],"version-history":[{"count":6,"href":"https:\/\/www.pep06.fr\/rossetti\/wp-json\/wp\/v2\/pages\/211\/revisions"}],"predecessor-version":[{"id":293,"href":"https:\/\/www.pep06.fr\/rossetti\/wp-json\/wp\/v2\/pages\/211\/revisions\/293"}],"wp:attachment":[{"href":"https:\/\/www.pep06.fr\/rossetti\/wp-json\/wp\/v2\/media?parent=211"}],"curies":[{"name":"wp","href":"https:\/\/api.w.org\/{rel}","templated":true}]}}